{"id":2807,"date":"2025-09-14T22:35:45","date_gmt":"2025-09-14T22:35:45","guid":{"rendered":"https:\/\/clinicalivo.cl\/?page_id=2807"},"modified":"2025-09-22T15:35:46","modified_gmt":"2025-09-22T15:35:46","slug":"medicina-estetica-funcional","status":"publish","type":"page","link":"https:\/\/clinicalivo.cl\/index.php\/medicina-estetica-funcional\/","title":{"rendered":"Medicina Est\u00e9tica Funcional"},"content":{"rendered":"\t\t<div data-elementor-type=\"wp-page\" data-elementor-id=\"2807\" class=\"elementor elementor-2807\">\n\t\t\t\t<div class=\"elementor-element elementor-element-d49639d e-flex e-con-boxed e-con e-parent\" data-id=\"d49639d\" data-element_type=\"container\" data-e-type=\"container\">\n\t\t\t\t\t<div class=\"e-con-inner\">\n\t\t<div class=\"elementor-element elementor-element-8ff0d3f e-flex e-con-boxed e-con e-child\" data-id=\"8ff0d3f\" data-element_type=\"container\" data-e-type=\"container\">\n\t\t\t\t\t<div class=\"e-con-inner\">\n\t\t<div class=\"elementor-element elementor-element-c0f10b3 e-flex e-con-boxed e-con e-child\" data-id=\"c0f10b3\" data-element_type=\"container\" data-e-type=\"container\">\n\t\t\t\t\t<div class=\"e-con-inner\">\n\t\t\t\t<div class=\"elementor-element elementor-element-fee99ba elementor-widget elementor-widget-heading\" data-id=\"fee99ba\" data-element_type=\"widget\" data-e-type=\"widget\" data-widget_type=\"heading.default\">\n\t\t\t\t\t<h2 class=\"elementor-heading-title elementor-size-default\">Belleza que nace del bienestar interior<\/h2>\t\t\t\t<\/div>\n\t\t\t\t\t<\/div>\n\t\t\t\t<\/div>\n\t\t\t\t\t<\/div>\n\t\t\t\t<\/div>\n\t\t\t\t\t<\/div>\n\t\t\t\t<\/div>\n\t\t<div class=\"elementor-element elementor-element-701b295 e-flex e-con-boxed e-con e-parent\" data-id=\"701b295\" data-element_type=\"container\" data-e-type=\"container\">\n\t\t\t\t\t<div class=\"e-con-inner\">\n\t\t<div class=\"elementor-element elementor-element-4de20e3 e-con-full e-flex e-con e-child\" data-id=\"4de20e3\" data-element_type=\"container\" data-e-type=\"container\">\n\t\t\t\t<div class=\"elementor-element elementor-element-844ca26 elementor-widget elementor-widget-image\" data-id=\"844ca26\" data-element_type=\"widget\" data-e-type=\"widget\" data-widget_type=\"image.default\">\n\t\t\t\t\t\t\t\t\t\t\t\t\t\t\t<img fetchpriority=\"high\" decoding=\"async\" width=\"683\" height=\"1024\" src=\"https:\/\/clinicalivo.cl\/wp-content\/uploads\/2025\/09\/2148906447-683x1024.webp\" class=\"attachment-large size-large wp-image-2811\" alt=\"\" srcset=\"https:\/\/clinicalivo.cl\/wp-content\/uploads\/2025\/09\/2148906447-683x1024.webp 683w, https:\/\/clinicalivo.cl\/wp-content\/uploads\/2025\/09\/2148906447-200x300.webp 200w, https:\/\/clinicalivo.cl\/wp-content\/uploads\/2025\/09\/2148906447-768x1152.webp 768w, https:\/\/clinicalivo.cl\/wp-content\/uploads\/2025\/09\/2148906447.webp 1000w\" sizes=\"(max-width: 683px) 100vw, 683px\" \/>\t\t\t\t\t\t\t\t\t\t\t\t\t\t\t<\/div>\n\t\t\t\t<\/div>\n\t\t<div class=\"elementor-element elementor-element-d9f673c e-con-full e-flex e-con e-child\" data-id=\"d9f673c\" data-element_type=\"container\" data-e-type=\"container\">\n\t\t\t\t<div class=\"elementor-element elementor-element-13e378b elementor-widget elementor-widget-text-editor\" data-id=\"13e378b\" data-element_type=\"widget\" data-e-type=\"widget\" data-widget_type=\"text-editor.default\">\n\t\t\t\t\t\t\t\t\t<p>En <strong data-start=\"233\" data-end=\"249\">Cl\u00ednica LIVO<\/strong> entendemos la est\u00e9tica desde un enfoque diferente: <strong data-start=\"301\" data-end=\"345\">verse bien es consecuencia de estar bien<\/strong>. Por eso, nuestra propuesta de <strong data-start=\"377\" data-end=\"408\">Medicina Est\u00e9tica Funcional<\/strong> va m\u00e1s all\u00e1 de lo superficial, integrando la salud con la belleza para lograr resultados naturales, arm\u00f3nicos y sostenibles en el tiempo.<\/p>\t\t\t\t\t\t\t\t<\/div>\n\t\t\t\t<div class=\"elementor-element elementor-element-db65d03 elementor-widget elementor-widget-text-editor\" data-id=\"db65d03\" data-element_type=\"widget\" data-e-type=\"widget\" data-widget_type=\"text-editor.default\">\n\t\t\t\t\t\t\t\t\t<ul><li data-start=\"926\" data-end=\"962\"><p data-start=\"550\" data-end=\"653\">Nuestro equipo combina <strong data-start=\"573\" data-end=\"638\">tratamientos est\u00e9ticos con base cient\u00edfica y evidencia m\u00e9dica<\/strong>, tales como:<\/p><ul data-start=\"655\" data-end=\"871\"><li data-start=\"655\" data-end=\"709\"><p data-start=\"657\" data-end=\"709\"><strong data-start=\"657\" data-end=\"672\">Mesoterapia<\/strong> con vitaminas y \u00e1cido hialur\u00f3nico.<\/p><\/li><li data-start=\"710\" data-end=\"788\"><p data-start=\"712\" data-end=\"788\"><strong data-start=\"712\" data-end=\"737\">Vitaminas inyectables<\/strong> para revitalizar la piel y potenciar la energ\u00eda.<\/p><\/li><li data-start=\"789\" data-end=\"871\"><p data-start=\"791\" data-end=\"871\"><strong data-start=\"791\" data-end=\"811\">Bioestimuladores<\/strong> que activan la producci\u00f3n natural de col\u00e1geno y elastina.<\/p><\/li><\/ul><p data-start=\"873\" data-end=\"1100\">Antes de cada procedimiento realizamos una <strong data-start=\"916\" data-end=\"951\">evaluaci\u00f3n integral de tu salud<\/strong>, porque sabemos que la calidad de la piel y los signos del envejecimiento est\u00e1n directamente relacionados con el equilibrio interno del organismo.<\/p><p data-start=\"1102\" data-end=\"1152\">Este servicio est\u00e1 dise\u00f1ado para quienes desean:<\/p><ul data-start=\"1154\" data-end=\"1433\"><li data-start=\"1154\" data-end=\"1215\"><p data-start=\"1156\" data-end=\"1215\">Mejorar la <strong data-start=\"1167\" data-end=\"1201\">calidad, luminosidad y firmeza<\/strong> de su piel.<\/p><\/li><li data-start=\"1216\" data-end=\"1289\"><p data-start=\"1218\" data-end=\"1289\">Prevenir y tratar los signos del <strong data-start=\"1251\" data-end=\"1269\">envejecimiento<\/strong> de forma natural.<\/p><\/li><li data-start=\"1290\" data-end=\"1359\"><p data-start=\"1292\" data-end=\"1359\">Recuperar la <strong data-start=\"1305\" data-end=\"1323\">armon\u00eda facial<\/strong> sin alterar su expresi\u00f3n genuina.<\/p><\/li><li data-start=\"1360\" data-end=\"1433\"><p data-start=\"1362\" data-end=\"1433\">Cuidar su imagen respetando su <strong data-start=\"1393\" data-end=\"1430\">individualidad y esencia personal<\/strong>.<\/p><\/li><\/ul><\/li><\/ul>\t\t\t\t\t\t\t\t<\/div>\n\t\t\t\t<\/div>\n\t\t\t\t\t<\/div>\n\t\t\t\t<\/div>\n\t\t<div class=\"elementor-element elementor-element-b25fd32 e-flex e-con-boxed e-con e-parent\" data-id=\"b25fd32\" data-element_type=\"container\" data-e-type=\"container\">\n\t\t\t\t\t<div class=\"e-con-inner\">\n\t\t\t\t<div class=\"elementor-element elementor-element-a1e6302 elementor-widget elementor-widget-text-editor\" data-id=\"a1e6302\" data-element_type=\"widget\" data-e-type=\"widget\" data-widget_type=\"text-editor.default\">\n\t\t\t\t\t\t\t\t\t<p>En LIVO, creemos en una est\u00e9tica consciente que potencia tu <strong data-start=\"1495\" data-end=\"1541\">belleza natural desde adentro hacia afuera<\/strong>, acompa\u00f1\u00e1ndote en el camino hacia un bienestar integral donde cuerpo, mente y piel trabajan en equilibrio.<\/p>\t\t\t\t\t\t\t\t<\/div>\n\t\t\t\t\t<\/div>\n\t\t\t\t<\/div>\n\t\t\t\t<\/div>\n\t\t","protected":false},"excerpt":{"rendered":"<p>Belleza que nace del bienestar interior En Cl\u00ednica LIVO entendemos la est\u00e9tica desde un enfoque diferente: verse bien es consecuencia de estar bien. Por eso, nuestra propuesta de Medicina Est\u00e9tica Funcional va m\u00e1s all\u00e1 de lo superficial, integrando la salud con la belleza para lograr resultados naturales, arm\u00f3nicos y sostenibles en el tiempo. Nuestro equipo [&hellip;]<\/p>\n","protected":false},"author":1,"featured_media":0,"parent":0,"menu_order":0,"comment_status":"closed","ping_status":"closed","template":"elementor_header_footer","meta":{"zakra_sidebar_layout":"stretched","zakra_remove_content_margin":false,"zakra_sidebar":"customizer","zakra_transparent_header":"customizer","zakra_logo":0,"zakra_main_header_style":"default","zakra_menu_item_color":"","zakra_menu_item_hover_color":"","zakra_menu_item_active_color":"","zakra_menu_active_style":"","zakra_page_header":true,"_eb_attr":"","footnotes":""},"class_list":["post-2807","page","type-page","status-publish","hentry"],"_links":{"self":[{"href":"https:\/\/clinicalivo.cl\/index.php\/wp-json\/wp\/v2\/pages\/2807","targetHints":{"allow":["GET"]}}],"collection":[{"href":"https:\/\/clinicalivo.cl\/index.php\/wp-json\/wp\/v2\/pages"}],"about":[{"href":"https:\/\/clinicalivo.cl\/index.php\/wp-json\/wp\/v2\/types\/page"}],"author":[{"embeddable":true,"href":"https:\/\/clinicalivo.cl\/index.php\/wp-json\/wp\/v2\/users\/1"}],"replies":[{"embeddable":true,"href":"https:\/\/clinicalivo.cl\/index.php\/wp-json\/wp\/v2\/comments?post=2807"}],"version-history":[{"count":8,"href":"https:\/\/clinicalivo.cl\/index.php\/wp-json\/wp\/v2\/pages\/2807\/revisions"}],"predecessor-version":[{"id":2846,"href":"https:\/\/clinicalivo.cl\/index.php\/wp-json\/wp\/v2\/pages\/2807\/revisions\/2846"}],"wp:attachment":[{"href":"https:\/\/clinicalivo.cl\/index.php\/wp-json\/wp\/v2\/media?parent=2807"}],"curies":[{"name":"wp","href":"https:\/\/api.w.org\/{rel}","templated":true}]}}