{"id":2773,"date":"2025-09-14T21:36:30","date_gmt":"2025-09-14T21:36:30","guid":{"rendered":"https:\/\/clinicalivo.cl\/?page_id=2773"},"modified":"2025-09-22T15:38:11","modified_gmt":"2025-09-22T15:38:11","slug":"psicologia-integrativa-life-coaching","status":"publish","type":"page","link":"https:\/\/clinicalivo.cl\/index.php\/psicologia-integrativa-life-coaching\/","title":{"rendered":"Psicolog\u00eda Integrativa &#038; Life Coaching"},"content":{"rendered":"\t\t<div data-elementor-type=\"wp-page\" data-elementor-id=\"2773\" class=\"elementor elementor-2773\">\n\t\t\t\t<div class=\"elementor-element elementor-element-d49639d e-flex e-con-boxed e-con e-parent\" data-id=\"d49639d\" data-element_type=\"container\" data-e-type=\"container\">\n\t\t\t\t\t<div class=\"e-con-inner\">\n\t\t<div class=\"elementor-element elementor-element-8ff0d3f e-flex e-con-boxed e-con e-child\" data-id=\"8ff0d3f\" data-element_type=\"container\" data-e-type=\"container\">\n\t\t\t\t\t<div class=\"e-con-inner\">\n\t\t<div class=\"elementor-element elementor-element-c0f10b3 e-flex e-con-boxed e-con e-child\" data-id=\"c0f10b3\" data-element_type=\"container\" data-e-type=\"container\">\n\t\t\t\t\t<div class=\"e-con-inner\">\n\t\t\t\t<div class=\"elementor-element elementor-element-fee99ba elementor-widget elementor-widget-heading\" data-id=\"fee99ba\" data-element_type=\"widget\" data-e-type=\"widget\" data-widget_type=\"heading.default\">\n\t\t\t\t\t<h2 class=\"elementor-heading-title elementor-size-default\">Un espacio de transformaci\u00f3n personal y bienestar emocional<\/h2>\t\t\t\t<\/div>\n\t\t\t\t\t<\/div>\n\t\t\t\t<\/div>\n\t\t\t\t\t<\/div>\n\t\t\t\t<\/div>\n\t\t\t\t\t<\/div>\n\t\t\t\t<\/div>\n\t\t<div class=\"elementor-element elementor-element-701b295 e-flex e-con-boxed e-con e-parent\" data-id=\"701b295\" data-element_type=\"container\" data-e-type=\"container\">\n\t\t\t\t\t<div class=\"e-con-inner\">\n\t\t<div class=\"elementor-element elementor-element-4de20e3 e-con-full e-flex e-con e-child\" data-id=\"4de20e3\" data-element_type=\"container\" data-e-type=\"container\">\n\t\t\t\t<div class=\"elementor-element elementor-element-844ca26 elementor-widget elementor-widget-image\" data-id=\"844ca26\" data-element_type=\"widget\" data-e-type=\"widget\" data-widget_type=\"image.default\">\n\t\t\t\t\t\t\t\t\t\t\t\t\t\t\t<img fetchpriority=\"high\" decoding=\"async\" width=\"683\" height=\"1024\" src=\"https:\/\/clinicalivo.cl\/wp-content\/uploads\/2025\/09\/2150229970-683x1024.webp\" class=\"attachment-large size-large wp-image-2774\" alt=\"\" srcset=\"https:\/\/clinicalivo.cl\/wp-content\/uploads\/2025\/09\/2150229970-683x1024.webp 683w, https:\/\/clinicalivo.cl\/wp-content\/uploads\/2025\/09\/2150229970-200x300.webp 200w, https:\/\/clinicalivo.cl\/wp-content\/uploads\/2025\/09\/2150229970-768x1152.webp 768w, https:\/\/clinicalivo.cl\/wp-content\/uploads\/2025\/09\/2150229970.webp 1000w\" sizes=\"(max-width: 683px) 100vw, 683px\" \/>\t\t\t\t\t\t\t\t\t\t\t\t\t\t\t<\/div>\n\t\t\t\t<\/div>\n\t\t<div class=\"elementor-element elementor-element-d9f673c e-con-full e-flex e-con e-child\" data-id=\"d9f673c\" data-element_type=\"container\" data-e-type=\"container\">\n\t\t\t\t<div class=\"elementor-element elementor-element-13e378b elementor-widget elementor-widget-text-editor\" data-id=\"13e378b\" data-element_type=\"widget\" data-e-type=\"widget\" data-widget_type=\"text-editor.default\">\n\t\t\t\t\t\t\t\t\t<p>En <strong data-start=\"272\" data-end=\"288\">Cl\u00ednica LIVO<\/strong>, entendemos que la salud emocional es tan importante como la f\u00edsica. Por eso, nuestro enfoque de <strong data-start=\"386\" data-end=\"412\">Psicolog\u00eda Integrativa<\/strong> une lo mejor de la psicolog\u00eda tradicional con herramientas de <strong data-start=\"475\" data-end=\"522\">coaching, mindfulness y desarrollo personal<\/strong>, creando un proceso terap\u00e9utico completo y profundamente humano.<\/p>\t\t\t\t\t\t\t\t<\/div>\n\t\t\t\t<div class=\"elementor-element elementor-element-db65d03 elementor-widget elementor-widget-text-editor\" data-id=\"db65d03\" data-element_type=\"widget\" data-e-type=\"widget\" data-widget_type=\"text-editor.default\">\n\t\t\t\t\t\t\t\t\t<p data-start=\"591\" data-end=\"640\">Este servicio est\u00e1 pensado para quienes buscan:<\/p><ul data-start=\"642\" data-end=\"1021\"><li data-start=\"642\" data-end=\"699\"><p data-start=\"644\" data-end=\"699\">Mejorar su <strong data-start=\"655\" data-end=\"678\">bienestar emocional<\/strong> y calidad de vida.<\/p><\/li><li data-start=\"700\" data-end=\"756\"><p data-start=\"702\" data-end=\"756\">Superar <strong data-start=\"710\" data-end=\"733\">bloqueos personales<\/strong> que impiden avanzar.<\/p><\/li><li data-start=\"757\" data-end=\"812\"><p data-start=\"759\" data-end=\"812\">Resolver <strong data-start=\"768\" data-end=\"809\">conflictos internos o interpersonales<\/strong>.<\/p><\/li><li data-start=\"813\" data-end=\"867\"><p data-start=\"815\" data-end=\"867\">Fortalecer la <strong data-start=\"829\" data-end=\"864\">autoestima y seguridad personal<\/strong>.<\/p><\/li><li data-start=\"868\" data-end=\"947\"><p data-start=\"870\" data-end=\"947\">Desarrollar recursos para gestionar <strong data-start=\"906\" data-end=\"944\">estr\u00e9s, ansiedad o cambios vitales<\/strong>.<\/p><\/li><li data-start=\"948\" data-end=\"1021\"><p data-start=\"950\" data-end=\"1021\">Encontrar un mayor sentido de prop\u00f3sito y claridad en sus decisiones.<\/p><\/li><\/ul>\t\t\t\t\t\t\t\t<\/div>\n\t\t\t\t<\/div>\n\t\t\t\t\t<\/div>\n\t\t\t\t<\/div>\n\t\t<div class=\"elementor-element elementor-element-b25fd32 e-flex e-con-boxed e-con e-parent\" data-id=\"b25fd32\" data-element_type=\"container\" data-e-type=\"container\">\n\t\t\t\t\t<div class=\"e-con-inner\">\n\t\t\t\t<div class=\"elementor-element elementor-element-a1e6302 elementor-widget elementor-widget-text-editor\" data-id=\"a1e6302\" data-element_type=\"widget\" data-e-type=\"widget\" data-widget_type=\"text-editor.default\">\n\t\t\t\t\t\t\t\t\t<p data-start=\"1023\" data-end=\"1326\">Cada sesi\u00f3n es un espacio seguro, de <strong data-start=\"1060\" data-end=\"1099\">respeto, escucha activa y confianza<\/strong>, donde el acompa\u00f1amiento se centra en tu historia, tus emociones y tus objetivos personales. A trav\u00e9s de t\u00e9cnicas pr\u00e1cticas y vivenciales, buscamos que logres una <strong data-start=\"1263\" data-end=\"1323\">transformaci\u00f3n real, consciente y sostenida en el tiempo<\/strong>.<\/p><p data-start=\"1328\" data-end=\"1489\">En LIVO creemos que la psicolog\u00eda no solo es sanar heridas, sino tambi\u00e9n <strong data-start=\"1401\" data-end=\"1486\">abrir posibilidades, redescubrir fortalezas y aprender a vivir con mayor plenitud<\/strong>.<\/p>\t\t\t\t\t\t\t\t<\/div>\n\t\t\t\t\t<\/div>\n\t\t\t\t<\/div>\n\t\t\t\t<\/div>\n\t\t","protected":false},"excerpt":{"rendered":"<p>Un espacio de transformaci\u00f3n personal y bienestar emocional En Cl\u00ednica LIVO, entendemos que la salud emocional es tan importante como la f\u00edsica. Por eso, nuestro enfoque de Psicolog\u00eda Integrativa une lo mejor de la psicolog\u00eda tradicional con herramientas de coaching, mindfulness y desarrollo personal, creando un proceso terap\u00e9utico completo y profundamente humano. Este servicio est\u00e1 [&hellip;]<\/p>\n","protected":false},"author":1,"featured_media":0,"parent":0,"menu_order":0,"comment_status":"closed","ping_status":"closed","template":"elementor_header_footer","meta":{"zakra_sidebar_layout":"stretched","zakra_remove_content_margin":false,"zakra_sidebar":"customizer","zakra_transparent_header":"customizer","zakra_logo":0,"zakra_main_header_style":"default","zakra_menu_item_color":"","zakra_menu_item_hover_color":"","zakra_menu_item_active_color":"","zakra_menu_active_style":"","zakra_page_header":true,"_eb_attr":"","footnotes":""},"class_list":["post-2773","page","type-page","status-publish","hentry"],"_links":{"self":[{"href":"https:\/\/clinicalivo.cl\/index.php\/wp-json\/wp\/v2\/pages\/2773","targetHints":{"allow":["GET"]}}],"collection":[{"href":"https:\/\/clinicalivo.cl\/index.php\/wp-json\/wp\/v2\/pages"}],"about":[{"href":"https:\/\/clinicalivo.cl\/index.php\/wp-json\/wp\/v2\/types\/page"}],"author":[{"embeddable":true,"href":"https:\/\/clinicalivo.cl\/index.php\/wp-json\/wp\/v2\/users\/1"}],"replies":[{"embeddable":true,"href":"https:\/\/clinicalivo.cl\/index.php\/wp-json\/wp\/v2\/comments?post=2773"}],"version-history":[{"count":7,"href":"https:\/\/clinicalivo.cl\/index.php\/wp-json\/wp\/v2\/pages\/2773\/revisions"}],"predecessor-version":[{"id":2856,"href":"https:\/\/clinicalivo.cl\/index.php\/wp-json\/wp\/v2\/pages\/2773\/revisions\/2856"}],"wp:attachment":[{"href":"https:\/\/clinicalivo.cl\/index.php\/wp-json\/wp\/v2\/media?parent=2773"}],"curies":[{"name":"wp","href":"https:\/\/api.w.org\/{rel}","templated":true}]}}