{"id":2759,"date":"2025-09-14T21:09:41","date_gmt":"2025-09-14T21:09:41","guid":{"rendered":"https:\/\/clinicalivo.cl\/?page_id=2759"},"modified":"2025-09-22T15:38:38","modified_gmt":"2025-09-22T15:38:38","slug":"osteopatia","status":"publish","type":"page","link":"https:\/\/clinicalivo.cl\/index.php\/osteopatia\/","title":{"rendered":"Osteopat\u00eda"},"content":{"rendered":"\t\t<div data-elementor-type=\"wp-page\" data-elementor-id=\"2759\" class=\"elementor elementor-2759\">\n\t\t\t\t<div class=\"elementor-element elementor-element-d49639d e-flex e-con-boxed e-con e-parent\" data-id=\"d49639d\" data-element_type=\"container\" data-e-type=\"container\">\n\t\t\t\t\t<div class=\"e-con-inner\">\n\t\t<div class=\"elementor-element elementor-element-8ff0d3f e-flex e-con-boxed e-con e-child\" data-id=\"8ff0d3f\" data-element_type=\"container\" data-e-type=\"container\">\n\t\t\t\t\t<div class=\"e-con-inner\">\n\t\t<div class=\"elementor-element elementor-element-c0f10b3 e-flex e-con-boxed e-con e-child\" data-id=\"c0f10b3\" data-element_type=\"container\" data-e-type=\"container\">\n\t\t\t\t\t<div class=\"e-con-inner\">\n\t\t\t\t<div class=\"elementor-element elementor-element-fee99ba elementor-widget elementor-widget-heading\" data-id=\"fee99ba\" data-element_type=\"widget\" data-e-type=\"widget\" data-widget_type=\"heading.default\">\n\t\t\t\t\t<h2 class=\"elementor-heading-title elementor-size-default\">Osteopat\u00eda Funcional Integrativa<\/h2>\t\t\t\t<\/div>\n\t\t\t\t\t<\/div>\n\t\t\t\t<\/div>\n\t\t\t\t\t<\/div>\n\t\t\t\t<\/div>\n\t\t\t\t\t<\/div>\n\t\t\t\t<\/div>\n\t\t<div class=\"elementor-element elementor-element-701b295 e-flex e-con-boxed e-con e-parent\" data-id=\"701b295\" data-element_type=\"container\" data-e-type=\"container\">\n\t\t\t\t\t<div class=\"e-con-inner\">\n\t\t<div class=\"elementor-element elementor-element-4de20e3 e-con-full e-flex e-con e-child\" data-id=\"4de20e3\" data-element_type=\"container\" data-e-type=\"container\">\n\t\t\t\t<div class=\"elementor-element elementor-element-844ca26 elementor-widget elementor-widget-image\" data-id=\"844ca26\" data-element_type=\"widget\" data-e-type=\"widget\" data-widget_type=\"image.default\">\n\t\t\t\t\t\t\t\t\t\t\t\t\t\t\t<img fetchpriority=\"high\" decoding=\"async\" width=\"683\" height=\"1024\" src=\"https:\/\/clinicalivo.cl\/wp-content\/uploads\/2025\/09\/2148846614-683x1024.webp\" class=\"attachment-large size-large wp-image-2766\" alt=\"\" srcset=\"https:\/\/clinicalivo.cl\/wp-content\/uploads\/2025\/09\/2148846614-683x1024.webp 683w, https:\/\/clinicalivo.cl\/wp-content\/uploads\/2025\/09\/2148846614-200x300.webp 200w, https:\/\/clinicalivo.cl\/wp-content\/uploads\/2025\/09\/2148846614-768x1152.webp 768w, https:\/\/clinicalivo.cl\/wp-content\/uploads\/2025\/09\/2148846614.webp 1000w\" sizes=\"(max-width: 683px) 100vw, 683px\" \/>\t\t\t\t\t\t\t\t\t\t\t\t\t\t\t<\/div>\n\t\t\t\t<\/div>\n\t\t<div class=\"elementor-element elementor-element-d9f673c e-con-full e-flex e-con e-child\" data-id=\"d9f673c\" data-element_type=\"container\" data-e-type=\"container\">\n\t\t\t\t<div class=\"elementor-element elementor-element-13e378b elementor-widget elementor-widget-text-editor\" data-id=\"13e378b\" data-element_type=\"widget\" data-e-type=\"widget\" data-widget_type=\"text-editor.default\">\n\t\t\t\t\t\t\t\t\t<h3 data-start=\"192\" data-end=\"241\"><em data-start=\"196\" data-end=\"241\">Recupera el equilibrio natural de tu cuerpo<\/em><\/h3><p data-start=\"243\" data-end=\"676\">La <strong data-start=\"246\" data-end=\"260\">osteopat\u00eda<\/strong> es una terapia manual que trabaja con el principio de que el cuerpo tiene la capacidad innata de autorregularse y sanar, siempre que est\u00e9 en equilibrio.<br data-start=\"413\" data-end=\"416\" \/>Mediante <strong data-start=\"425\" data-end=\"531\">movimientos suaves, manipulaciones articulares, t\u00e9cnicas de liberaci\u00f3n miofascial y ajustes posturales<\/strong>, buscamos restablecer la movilidad y armon\u00eda de todas las estructuras corporales: m\u00fasculos, articulaciones, fascias, sistema nervioso y \u00f3rganos.<\/p><p data-start=\"678\" data-end=\"924\">En <strong data-start=\"681\" data-end=\"697\">Cl\u00ednica LIVO<\/strong>, nuestros oste\u00f3patas aplican una <strong data-start=\"731\" data-end=\"783\">mirada funcional e integrativa del cuerpo humano<\/strong>, entendiendo que cada s\u00edntoma tiene un origen y que las tensiones no siempre est\u00e1n donde aparece el dolor. Abordamos de forma personalizada:<\/p>\t\t\t\t\t\t\t\t<\/div>\n\t\t\t\t<div class=\"elementor-element elementor-element-db65d03 elementor-widget elementor-widget-text-editor\" data-id=\"db65d03\" data-element_type=\"widget\" data-e-type=\"widget\" data-widget_type=\"text-editor.default\">\n\t\t\t\t\t\t\t\t\t<ul><li data-start=\"926\" data-end=\"962\"><p data-start=\"928\" data-end=\"962\">Dolores musculares y articulares<\/p><\/li><li data-start=\"963\" data-end=\"992\"><p data-start=\"965\" data-end=\"992\">Tensi\u00f3n y rigidez cr\u00f3nica<\/p><\/li><li data-start=\"993\" data-end=\"1025\"><p data-start=\"995\" data-end=\"1025\">Migra\u00f1as y dolores de cabeza<\/p><\/li><li data-start=\"1026\" data-end=\"1066\"><p data-start=\"1028\" data-end=\"1066\">Alteraciones digestivas y viscerales<\/p><\/li><li data-start=\"1067\" data-end=\"1091\"><p data-start=\"1069\" data-end=\"1091\">Problemas posturales<\/p><\/li><li data-start=\"1092\" data-end=\"1131\"><p data-start=\"1094\" data-end=\"1131\">Desequilibrios del sistema nervioso<\/p><\/li><li data-start=\"1132\" data-end=\"1177\"><p data-start=\"1134\" data-end=\"1177\">Recuperaci\u00f3n despu\u00e9s de lesiones o cirug\u00edas<\/p><\/li><\/ul>\t\t\t\t\t\t\t\t<\/div>\n\t\t\t\t<\/div>\n\t\t\t\t\t<\/div>\n\t\t\t\t<\/div>\n\t\t<div class=\"elementor-element elementor-element-b25fd32 e-flex e-con-boxed e-con e-parent\" data-id=\"b25fd32\" data-element_type=\"container\" data-e-type=\"container\">\n\t\t\t\t\t<div class=\"e-con-inner\">\n\t\t\t\t<div class=\"elementor-element elementor-element-a1e6302 elementor-widget elementor-widget-text-editor\" data-id=\"a1e6302\" data-element_type=\"widget\" data-e-type=\"widget\" data-widget_type=\"text-editor.default\">\n\t\t\t\t\t\t\t\t\t<p>La osteopat\u00eda es <strong data-start=\"1196\" data-end=\"1243\">profundamente respetuosa, segura y efectiva<\/strong>. Cada sesi\u00f3n es un espacio de conexi\u00f3n con tu cuerpo, donde buscamos liberar bloqueos, optimizar la funci\u00f3n y favorecer el bienestar f\u00edsico y emocional.<\/p>\t\t\t\t\t\t\t\t<\/div>\n\t\t\t\t\t<\/div>\n\t\t\t\t<\/div>\n\t\t\t\t<\/div>\n\t\t","protected":false},"excerpt":{"rendered":"<p>Osteopat\u00eda Funcional Integrativa Recupera el equilibrio natural de tu cuerpo La osteopat\u00eda es una terapia manual que trabaja con el principio de que el cuerpo tiene la capacidad innata de autorregularse y sanar, siempre que est\u00e9 en equilibrio.Mediante movimientos suaves, manipulaciones articulares, t\u00e9cnicas de liberaci\u00f3n miofascial y ajustes posturales, buscamos restablecer la movilidad y armon\u00eda [&hellip;]<\/p>\n","protected":false},"author":1,"featured_media":0,"parent":0,"menu_order":0,"comment_status":"closed","ping_status":"closed","template":"elementor_header_footer","meta":{"zakra_sidebar_layout":"stretched","zakra_remove_content_margin":false,"zakra_sidebar":"customizer","zakra_transparent_header":"customizer","zakra_logo":0,"zakra_main_header_style":"default","zakra_menu_item_color":"","zakra_menu_item_hover_color":"","zakra_menu_item_active_color":"","zakra_menu_active_style":"","zakra_page_header":true,"_eb_attr":"","footnotes":""},"class_list":["post-2759","page","type-page","status-publish","hentry"],"_links":{"self":[{"href":"https:\/\/clinicalivo.cl\/index.php\/wp-json\/wp\/v2\/pages\/2759","targetHints":{"allow":["GET"]}}],"collection":[{"href":"https:\/\/clinicalivo.cl\/index.php\/wp-json\/wp\/v2\/pages"}],"about":[{"href":"https:\/\/clinicalivo.cl\/index.php\/wp-json\/wp\/v2\/types\/page"}],"author":[{"embeddable":true,"href":"https:\/\/clinicalivo.cl\/index.php\/wp-json\/wp\/v2\/users\/1"}],"replies":[{"embeddable":true,"href":"https:\/\/clinicalivo.cl\/index.php\/wp-json\/wp\/v2\/comments?post=2759"}],"version-history":[{"count":11,"href":"https:\/\/clinicalivo.cl\/index.php\/wp-json\/wp\/v2\/pages\/2759\/revisions"}],"predecessor-version":[{"id":2858,"href":"https:\/\/clinicalivo.cl\/index.php\/wp-json\/wp\/v2\/pages\/2759\/revisions\/2858"}],"wp:attachment":[{"href":"https:\/\/clinicalivo.cl\/index.php\/wp-json\/wp\/v2\/media?parent=2759"}],"curies":[{"name":"wp","href":"https:\/\/api.w.org\/{rel}","templated":true}]}}